+ 32 + 88. Calculate the remainder when 68 is divided by j.
20
Let l = -2 + 11. Suppose -c + 41 = 3*c + p, 0 = -4*c - 4*p + 32. What is the remainder when 1*20 + (l - 8) is divided by c?
10
Suppose 2*o - 117 = -5*k, -2*k + o - 26 = -71. Calculate the remainder when k is divided by 8.
7
What is the remainder when (17 - -4 - -1) + 2 is divided by 5?
4
Suppose 316 = 5*o + 3*n, 4*o + n = 263 - 6. Calculate the remainder when o is divided by 17.
14
Let g = 602 - 589. Suppose -90 = -4*h + 110. Calculate the remainder when h is divided by g.
11
Calculate the remainder when 14 is divided by 2/(-3)*(-5 + -7).
6
Suppose -y = -0*y - 52. Calculate the remainder when y is divided by 19.
14
Let t be 6/(-2) - 21/(-7). Suppose -4*d + 4*m + 192 = t, -4 = -2*d - 5*m + 78. Calculate the remainder when d is divided by 16.
14
Suppose -w - q + 56 = 0, 2*w - 3*q - 100 = -q. Calculate the remainder when w is divided by 19.
15
Suppose 5*i + 0*i - 10 = 0. Let m = i - -1. Suppose 23 = h - m*p, 4*h + 2*p = -3*p + 126. What is the remainder when h is divided by 15?
14
Suppose g + 2*n = 1 - 4, 3*g + 8 = -5*n. Calculate the remainder when 18 is divided by g + 6 + 0/1.
3
Let z(k) = k**3 - 4*k**2 + 7*k - 18. Let u = 72 - 45. What is the remainder when u is divided by z(4)?
7
Suppose 17 - 2 = -5*s. Calculate the remainder when ((-996)/(-8))/s*-2 is divided by 17.
15
Let l(n) = n**2 + 2*n - 1. Let i be l(2). Let w = 9 - i. What is the remainder when 3 is divided by w?
1
What is the remainder when 11 is divided by (-52)/(-16) + (-4)/16?
2
Suppose -3 = 2*s - 5*s. Let w be s - (-8 - (-3 - -3)). Suppose -q - r = -7, w = 2*q - 3*r - 10. Calculate the remainder when 15 is divided by q.
7
Let w = -85 + 92. What is the remainder when 55 is divided by w?
6
Suppose -8 = -5*n + 2. Suppose -2*r = n*r - 140. What is the remainder when r is divided by 12?
11
What is the remainder when (42/28)/((-6)/(-188)) is divided by 16?
15
Suppose -7*k = -5*k - 12. Calculate the remainder when 16 is divided by k.
4
Suppose -3*p + 40 + 35 = 0. What is the remainder when p is divided by ((-2)/4)/((-1)/26)?
12
Suppose 37 = 5*r - 3*l, r - 3 = l + 4. Calculate the remainder when 39 is divided by r.
7
Suppose -85 = -5*h + 5*a - 10*a, h - 19 = a. Calculate the remainder when 61 is divided by h.
7
Let v = 36 - 31. What is the remainder when 43 is divided by v?
3
Let w(x) = -4*x**3 + x**2 + 2 + 3*x**3 + 0*x**3. Suppose -3*m = 2*p + 3 - 1, -4*m = -3*p - 3. Calculate the remainder when 2 is divided by w(m).
0
Let d(c) = -c**2 + 4*c + 6. Let n be d(6). Let q = 5 - -5. Let g = q + n. Calculate the remainder when 7 is divided by g.
3
Let c be ((-21)/9 - -3)*3. Let h(j) = -2 - j**2 + 0*j**2 + 2*j**2. What is the remainder when 5 is divided by h(c)?
1
Let c = -38 + 61. Calculate the remainder when 18 is divided by (-9)/12 - c/(-4).
3
Let s = 23 - 4. What is the remainder when 35 is divided by s?
16
Suppose -2*t + 8 = 2*h, 4*h - 6 = -5*t + 6. Let j = h + -4. Suppose -j*b = -5*n + 64, 3*n = n - 5*b + 19. Calculate the remainder when n is divided by 7.
5
Let v = -8 - -7. Let u = 17 + v. Calculate the remainder when u is divided by 9.
7
Let p be 5*(4/(-10) - -1). Suppose 4*n - 4 = -p*b - 1, -12 = n + 5*b. What is the remainder when -11*(0 - 3)/n is divided by 6?
5
Let w(v) = 3*v**2. Let k be w(-1). Calculate the remainder when 40 + 4 + -3 + k is divided by 15.
14
Suppose q - 4*q - 14 = -d, -42 = -3*d + 5*q. What is the remainder when 37 is divided by d?
9
Calculate the remainder when 12/15 - 4/((-20)/71) is divided by 9.
6
Let v = -65 + 72. What is the remainder when 27 is divided by v?
6
Let k(n) = -n**2 - 5*n - 4. Let o be k(-5). Let d(v) = -3*v - 3. Calculate the remainder when (-19)/o + (-1)/(-4) is divided by d(-2).
2
Suppose 0 = -4*x + p + 190, -x + p = 2*x - 143. Calculate the remainder when x is divided by 12.
11
Calculate the remainder when -165*(3 - 20/6) is divided by 19.
17
Let v = 20 + 1. What is the remainder when v is divided by 11?
10
Suppose 5*y = 127 + 53. Calculate the remainder when 71 is divided by y.
35
Let s(i) = i**3 + 8*i**2 - 4*i - 23. What is the remainder when 33 is divided by s(-8)?
6
Let t = -372 - -692. Suppose t = 2*o + 3*o. Calculate the remainder when o is divided by 22.
20
Let z = 0 + 6. Let y(m) = m + 2. Calculate the remainder when y(7) is divided by z.
3
Let w(k) = k + 4. Suppose -3*x + 3*y = -27, -x + 5*y = -19 + 2. Suppose -124 = 2*h - 6*h. What is the remainder when h is divided by w(x)?
9
Let g(s) = s**3 + 8*s**2 + 2*s - 13. Suppose -5*l + 4 = 19, l - 27 = 5*d. What is the remainder when g(d) is divided by 16?
15
Let x = 7 - 3. Suppose 2 = 2*q + x. Calculate the remainder when 30 is divided by (-6)/3*q + 9.
8
Let q = -1 - -5. Suppose 5*s = -3*j + 104, q*s - 4*j = 3*s + 30. What is the remainder when 41 is divided by s?
19
Let o = -7 + 25. Calculate the remainder when 33 is divided by o.
15
Let a(j) = -11*j + 1. Let u be a(-3). Let w = u - 76. Let h = -5 - w. Calculate the remainder when h is divided by 19.
18
Suppose 16 = y + 3. Suppose n - 3 = 1. Suppose -n = -5*f + 31. Calculate the remainder when y is divided by f.
6
Let l = 117 - 49. Calculate the remainder when l is divided by 14.
12
Let w = 20 - -8. Let y = 16 + -6. Calculate the remainder when w is divided by y.
8
Let g = -4 - -13. Let y = 14 - 9. What is the remainder when 3/((30/32)/y) is divided by g?
7
Suppose -2*c + 54 = c. Suppose -3*m + 89 = -3*o - 2*m, -160 = 5*o - 4*m. Let j = o - -63. What is the remainder when j is divided by c?
17
Let r(x) = 5*x - 25. Calculate the remainder when 134 is divided by r(14).
44
Suppose -7*f + 16 = -5*f. Suppose -5*k + 3*v = 5, 5*k = -5*v - 31 - 14. Calculate the remainder when k/(-1)*(-45)/(-12) is divided by f.
7
Let s(l) = 111*l**3 + 2*l**2 - 1. What is the remainder when s(1) is divided by 38?
36
Let a = 36 - -7. Suppose 0*r + 2*r = -t + 33, 3*r - 3*t = 36. Calculate the remainder when a is divided by r.
13
Suppose -4*h + 7*h - 492 = 0. Suppose -2*a - 2*a + h = 0. Calculate the remainder when a is divided by 14.
13
Calculate the remainder when ((-32)/(-3))/((-14)/(-63)) is divided by 25.
23
Let r(p) = p**2 + p + 2. Suppose -4*q - 128 = -2*n, 5*n + 5*q - 245 = -0*q. Calculate the remainder when n is divided by r(-4).
12
Let v be (-6)/(-15) + (-86)/(-10). Calculate the remainder when 4 is divided by 33/v + 4/(-6).
1
Suppose 3*v - 177 = -0*v. What is the remainder when v is divided by 10?
9
Suppose 4*v - 133 = 3*g, -39 = -0*v - v - 5*g. Let m = -3 + v. Let j(z) = z + 2. What is the remainder when m is divided by j(9)?
9
Let a be ((-15)/(-6) - 3)*6. Let w = a + 32. Calculate the remainder when w is divided by 6.
5
What is the remainder when (3 - -11)*3/1 is divided by (0 - 1) + 16 + 0?
12
Suppose 2*r + 0*r = 58. Suppose -o = -3*n + 31, 7*n - 4*n = -o + r. Calculate the remainder when 19 is divided by n.
9
Let h be 12/5*(-225)/10. Let u be h/(0 - 3) - 2. Suppose 86 = 5*d + u. What is the remainder when 41 is divided by d?
13
Suppose -o - 108 = -10*o. What is the remainder when 22 is divided by o?
10
Let x(g) = -18*g**3 + g**2 - g - 1. Let t be x(-1). What is the remainder when (t - 2) + (4 - 4) is divided by 9?
8
Suppose 3*t + 50 = 2*n, 39 = 2*n - n - 5*t. Let z(s) = -s**2 - 14*s + 2. Calculate the remainder when z(-11) is divided by n.
16
Suppose -z - 40 + 7 = 0. Let i(l) = -15*l**2 - 2*l - 1. Let k be i(-1). Let s = k - z. Calculate the remainder when 36 is divided by s.
17
Let j(u) = u**3 - u**2 + u - 1. Let x(s) = 7*s**3 + 13*s. Let l(i) = -6*j(i) + x(i). What is the remainder when 18 is divided by l(-4)?
8
Let h(w) = -5*w**2. Let n be h(1). Let v = -4 - n. What is the remainder when 1 is divided by v?
0
Suppose 0 = -5*t - 0*t. Suppose 50 = -t*j + 5*j. Calculate the remainder when (-2)/5 - (-654)/j is divided by 22.
21
Let f = -9 - -13. Suppose 0 = f*s - 6*s + 6. Suppose 2*o - s*q = -2*o + 56, 3*o + 2*q - 25 = 0. Calculate the remainder when 31 is divided by o.
9
Let g be -3*((-52)/12 + 4). What is the remainder when 8 + -4 + (24 - g) is divided by 7?
6
Let c(x) = 2*x**2 + 5*x. Calculate the remainder when 119 is divided by c(-4).
11
Suppose a - 78 = -13. What is the remainder when a is divided by 17?
14
Let h(u) = -3*u + 90. Calculate the remainder when 77 is divided by h(27).